{"id":131267,"date":"2025-01-11T00:36:35","date_gmt":"2025-01-10T21:36:35","guid":{"rendered":"https:\/\/paternika.com\/clients\/bilgenterapi\/?page_id=131267"},"modified":"2025-12-26T15:38:59","modified_gmt":"2025-12-26T12:38:59","slug":"mmpi-kisilik-testi","status":"publish","type":"page","link":"https:\/\/paternika.com\/clients\/bilgenterapi\/hizmetlerimiz\/mmpi-kisilik-testi\/","title":{"rendered":"MMPI\/K\u0130\u015e\u0130L\u0130K TEST\u0130"},"content":{"rendered":"<div class=\"wpb-content-wrapper\"><p>[vc_row row_height_percent=&#8221;100&#8243; override_padding=&#8221;yes&#8221; h_padding=&#8221;2&#8243; top_padding=&#8221;6&#8243; bottom_padding=&#8221;6&#8243; back_color=&#8221;color-nhtu&#8221; back_image=&#8221;131859&#8243; back_position=&#8221;center bottom&#8221; kburns=&#8221;magnetic&#8221; overlay_color=&#8221;color-jevc&#8221; overlay_alpha=&#8221;15&#8243; gutter_size=&#8221;3&#8243; column_width_percent=&#8221;100&#8243; shift_y=&#8221;0&#8243; z_index=&#8221;1&#8243; content_parallax=&#8221;0&#8243; uncode_shortcode_id=&#8221;117850&#8243; back_color_type=&#8221;uncode-palette&#8221; overlay_color_type=&#8221;uncode-palette&#8221;][vc_column column_width_percent=&#8221;100&#8243; position_vertical=&#8221;middle&#8221; align_horizontal=&#8221;align_center&#8221; gutter_size=&#8221;4&#8243; style=&#8221;dark&#8221; overlay_alpha=&#8221;50&#8243; shift_x=&#8221;0&#8243; shift_y=&#8221;0&#8243; shift_y_down=&#8221;0&#8243; z_index=&#8221;0&#8243; medium_width=&#8221;0&#8243; align_mobile=&#8221;align_center_mobile&#8221; mobile_width=&#8221;0&#8243; css_animation=&#8221;alpha-anim&#8221; animation_speed=&#8221;1000&#8243; animation_delay=&#8221;400&#8243; width=&#8221;1\/1&#8243; uncode_shortcode_id=&#8221;116631&#8243;][vc_row_inner limit_content=&#8221;&#8221;][vc_column_inner column_width_percent=&#8221;100&#8243; align_horizontal=&#8221;align_center&#8221; gutter_size=&#8221;2&#8243; style=&#8221;dark&#8221; overlay_alpha=&#8221;50&#8243; shift_x=&#8221;0&#8243; shift_y=&#8221;0&#8243; shift_y_down=&#8221;0&#8243; z_index=&#8221;0&#8243; medium_width=&#8221;0&#8243; align_mobile=&#8221;align_center_mobile&#8221; mobile_width=&#8221;0&#8243; width=&#8221;1\/1&#8243; uncode_shortcode_id=&#8221;168935&#8243;][vc_custom_heading text_font=&#8221;font-136269&#8243; text_size=&#8221;custom&#8221; text_weight=&#8221;600&#8243; css_animation=&#8221;curtain&#8221; animation_speed=&#8221;1000&#8243; animation_delay=&#8221;200&#8243; title=&#8221;&#8221; uncode_shortcode_id=&#8221;143660&#8243; heading_custom_size=&#8221;76&#8243;]MMPI\/Ki\u015filik Testi[\/vc_custom_heading][vc_custom_heading text_color=&#8221;color-xsdn&#8221; text_font=&#8221;font-136269&#8243; text_weight=&#8221;300&#8243; text_height=&#8221;fontheight-357766&#8243; title=&#8221;&#8221; uncode_shortcode_id=&#8221;174212&#8243; text_color_type=&#8221;uncode-palette&#8221;]Minnesota \u00c7ok Y\u00f6nl\u00fc Ki\u015filik Envanteri (Minnesota Multiphasic Personality Inventory- MMPI) bireyin ki\u015fisel ve toplumsal uyumunu objektif olarak de\u011ferlendirmeyi ama\u00e7layan bir testtir.[\/vc_custom_heading][\/vc_column_inner][\/vc_row_inner][vc_icon icon=&#8221;fa fa-arrow-down4&#8243; background_style=&#8221;fa-rounded&#8221; size=&#8221;fa-2x&#8221; icon_automatic=&#8221;yes&#8221; css_animation=&#8221;bottom-t-top&#8221; animation_speed=&#8221;1000&#8243; animation_delay=&#8221;400&#8243; link=&#8221;url:%23intro&#8221; uncode_shortcode_id=&#8221;170959&#8243;][\/vc_icon][\/vc_column][\/vc_row][vc_row row_height_percent=&#8221;0&#8243; override_padding=&#8221;yes&#8221; h_padding=&#8221;2&#8243; top_padding=&#8221;5&#8243; bottom_padding=&#8221;5&#8243; back_color=&#8221;color-xsdn&#8221; overlay_alpha=&#8221;50&#8243; gutter_size=&#8221;4&#8243; column_width_percent=&#8221;100&#8243; shift_y=&#8221;0&#8243; z_index=&#8221;1&#8243; bottom_divider=&#8221;step_3_4&#8243; content_parallax=&#8221;0&#8243; uncode_shortcode_id=&#8221;126796&#8243; back_color_type=&#8221;uncode-palette&#8221; row_name=&#8221;intro&#8221;][vc_column column_width_percent=&#8221;100&#8243; gutter_size=&#8221;4&#8243; overlay_alpha=&#8221;50&#8243; shift_x=&#8221;0&#8243; shift_y=&#8221;0&#8243; shift_y_down=&#8221;0&#8243; z_index=&#8221;0&#8243; medium_width=&#8221;0&#8243; mobile_width=&#8221;0&#8243; css_animation=&#8221;alpha-anim&#8221; animation_speed=&#8221;1000&#8243; width=&#8221;1\/1&#8243; uncode_shortcode_id=&#8221;499678&#8243;][vc_row_inner limit_content=&#8221;&#8221;][vc_column_inner column_width_percent=&#8221;100&#8243; gutter_size=&#8221;3&#8243; overlay_alpha=&#8221;50&#8243; shift_x=&#8221;0&#8243; shift_y=&#8221;0&#8243; shift_y_down=&#8221;0&#8243; z_index=&#8221;0&#8243; medium_width=&#8221;0&#8243; mobile_width=&#8221;0&#8243; width=&#8221;1\/1&#8243; uncode_shortcode_id=&#8221;209263&#8243;][vc_column_text uncode_shortcode_id=&#8221;625315&#8243;]<strong><span style=\"background: -webkit-linear-gradient(45deg, #d93da3, #8445ff); -webkit-background-clip: text; -webkit-text-fill-color: transparent; display: inline-block; font-family: Jost; font-size: 26px;\">MMPI\/K\u0130\u015e\u0130L\u0130K TEST\u0130<\/span><\/strong><\/p>\n<h4><span style=\"background: #d93da3; color: #ffffff; font-size: 17px; letter-spacing: 0.5px; padding: 4px 6px;\">MINNESOTA \u00c7OK Y\u00d6NL\u00dc K\u0130\u015e\u0130L\u0130K ENVANTER\u0130<\/span><\/h4>\n<p>MMPI ruh sa\u011fl\u0131\u011f\u0131nda en \u00e7ok kullan\u0131lan ki\u015filik testidir. \u0130nsan\u0131n ki\u015filik yap\u0131s\u0131n\u0131n ve psikopatolojisinin belirlenmesine yard\u0131mc\u0131 olmak i\u00e7in profesyonel uygulay\u0131c\u0131lar arac\u0131l\u0131\u011f\u0131yla kullan\u0131l\u0131r.<\/p>\n<h4><span style=\"background: #d93da3; color: #ffffff; font-size: 17px; letter-spacing: 0.5px; padding: 4px 6px;\">MMPI K\u0130\u015e\u0130L\u0130K TEST\u0130 HANG\u0130 ALANLARDA VE K\u0130MLERE UYGULANIR?<\/span><\/h4>\n<p>MMPI ki\u015filik testi yayg\u0131n olarak psikiyatri kliniklerinde \u015fu te\u015fhisleri koymada kullan\u0131l\u0131r: Depresyon, Hipokondriazis (Hastal\u0131k hastal\u0131\u011f\u0131), Histeri (Konversiyon), Psikotik sapma, Kad\u0131nl\u0131k-erkeklik (cinsel tercih ve e\u011filimler), Paranoya (\u015e\u00fcphecilik), Psikasteni (Saplant\u0131-Tak\u0131nt\u0131), \u015eizofreni, Hipomani (Duygu durum bozuklu\u011fu, \u00f6fke patlamas\u0131 gibi), Sosyal i\u00e7e d\u00f6n\u00fckl\u00fck (\u00e7ekingenlik).<\/p>\n<blockquote><p>Bu hastal\u0131k tan\u0131lar\u0131 d\u0131\u015f\u0131nda MMPI testi ile bireylerin aile problemleri, \u00f6fke ve kayg\u0131 sorunlar\u0131, i\u015fle ilgili sorunlar, insanlar aras\u0131 ileti\u015fimde ya\u015fanan sorunlar, \u00f6zg\u00fcven, anti sosyal \u00f6zellikler ve sa\u011fl\u0131kla ilgili endi\u015feler d\u00fc\u015f\u00fcnce tarz\u0131 gibi hastal\u0131k d\u0131\u015f\u0131ndaki psikolojik \u00f6zellikleri de de\u011ferlendirilebilmektedir.16 ya\u015f\u0131ndan b\u00fcy\u00fck herkese uygulanabilir.<\/p><\/blockquote>\n<h4><span style=\"background: #d93da3; color: #ffffff; font-size: 17px; letter-spacing: 0.5px; padding: 4px 6px;\">MMPI K\u0130\u015e\u0130L\u0130K TEST\u0130 HASTALIK TANISI DI\u015eINDA NE \u0130\u00c7\u0130N KULLANILIR?<\/span><\/h4>\n<p>MMPI \u00e7ok y\u00f6nl\u00fc ki\u015filik envanteri sadece hastal\u0131k veya psikolojik sorun olup olmad\u0131\u011f\u0131n\u0131 \u00f6l\u00e7en bir test de\u011fildir. Uygulanan testte ki\u015finin psikolojik sorunlar\u0131n\u0131n olup olmad\u0131\u011f\u0131n\u0131n tespitinin d\u0131\u015f\u0131nda genel olarak ki\u015finin nas\u0131l biri oldu\u011funu belirleyebilmekte, uygulanan ki\u015finin normal ki\u015filik \u00f6zelliklerini de ortaya \u00e7\u0131kartabilmektedir. Bu kapsamda evlenmeyi d\u00fc\u015f\u00fcnen \u00e7iftlerin birbirine ki\u015filik olarak uygun olup olmad\u0131\u011f\u0131n\u0131 belirlemekte ya da i\u015fe al\u0131mlarda i\u015fe uygunlu\u011fu belirlemekte de kullan\u0131labilmektedir.<\/p>\n<blockquote><p>MMPI psikiyatri kliniklerinde hastal\u0131klar\u0131n geni\u015f bir yelpazede de\u011ferlendirilmesine yard\u0131mc\u0131 olmak i\u00e7in tasarlanm\u0131\u015f bir ki\u015filik testi ve \u00f6l\u00e7\u00fcm arac\u0131 olmakla birlikte ki\u015filik \u00f6zelliklerini de \u00f6l\u00e7mede etkili oldu\u011fu i\u00e7in s\u0131kl\u0131kla \u015fu alanlarda da kullan\u0131l\u0131r:<\/p><\/blockquote>\n<p style=\"margin-top: 15px; text-indent: -20px; margin-left: 20px;\"><span style=\"color: #fe4641;\">\u2713 \u00a0<\/span> Y\u00fcksek \u00f6neme sahip ve \u00fcst d\u00fczey kamu g\u00f6revlilerinin se\u00e7imi<\/p>\n<p style=\"margin-top: 0px; text-indent: -20px; margin-left: 20px;\"><span style=\"color: #fe4641;\">\u2713 \u00a0<\/span> Polis memuru al\u0131mlar\u0131 ve birim de\u011fi\u015fikliklerinde yap\u0131lacak se\u00e7imler<\/p>\n<p style=\"margin-top: 0px; text-indent: -20px; margin-left: 20px;\"><span style=\"color: #fe4641;\">\u2713 \u00a0<\/span> N\u00fckleer santral personeli<\/p>\n<p style=\"margin-top: 0px; text-indent: -20px; margin-left: 20px;\"><span style=\"color: #fe4641;\">\u2713 \u00a0<\/span> \u0130ftaiye personeli<\/p>\n<p style=\"margin-top: 0px; text-indent: -20px; margin-left: 20px;\"><span style=\"color: #fe4641;\">\u2713 \u00a0<\/span> Hava yollar\u0131 personeli ve pilotlar, hava trafik kontrolleri<\/p>\n<p style=\"margin-top: 0px; text-indent: -20px; margin-left: 20px;\"><span style=\"color: #fe4641;\">\u2713 \u00a0<\/span> Devlet b\u00fcy\u00fcklerinin koruma ve dan\u0131\u015fmanlar\u0131<\/p>\n<p style=\"margin-top: 0px; text-indent: -20px; margin-left: 20px;\"><span style=\"color: #fe4641;\">\u2713 \u00a0<\/span> Cezai ve hukuki ehliyetin olup olmad\u0131\u011f\u0131na y\u00f6nelik tespit yap\u0131lacak ki\u015filer<\/p>\n<p style=\"margin-top: 0px; text-indent: -20px; margin-left: 20px;\"><span style=\"color: #fe4641;\">\u2713 \u00a0<\/span> Adli yarg\u0131 adaylar\u0131n\u0131 de\u011ferlendirme ve se\u00e7me<\/p>\n<p style=\"margin-top: 0px; text-indent: -20px; margin-left: 20px;\"><span style=\"color: #fe4641;\">\u2713 \u00a0<\/span> Bilimsel ara\u015ft\u0131rmalarda<\/p>\n<p style=\"margin-top: 0px; text-indent: -20px; margin-left: 20px;\"><span style=\"color: #fe4641;\">\u2713 \u00a0<\/span> Evlilik \u00f6ncesi uyum d\u00fczeyini belirlemede d\u00fcnyada g\u00fcvenle uygulanan bilimsel bir testtir<\/p>\n<h4><span style=\"background: #d93da3; color: #ffffff; font-size: 17px; letter-spacing: 0.5px; padding: 4px 6px;\">MMPI K\u0130\u015e\u0130L\u0130K TEST\u0130 \u0130\u015e YERLER\u0130NDE HANG\u0130 AMA\u00c7LA UYGULANIR?<\/span><\/h4>\n<p>MMPI ki\u015filik testi, i\u015fe al\u0131mlarda uygulanan testler aras\u0131nda en g\u00fcvenilir olan\u0131d\u0131r; MMPI testi ayr\u0131ca yeni eleman al\u0131mlar\u0131nda ya da mevcut \u00e7al\u0131\u015fanlar \u00fczerinde ki\u015finin g\u00f6reve uygunlu\u011funun de\u011ferlendirilebilmesi ve geli\u015fim alanlar\u0131n\u0131n belirlenebilmesi amac\u0131yla da b\u00fcy\u00fck \u015firketler taraf\u0131ndan kullan\u0131lmaktad\u0131r. Ki\u015filik testi i\u015fletme i\u00e7inde personelin verimli olaca\u011f\u0131 alanlar\u0131 saptamak, personelin motivasyonunu sa\u011flamak, personeli y\u00f6nlendirmek, ilgi alanlar\u0131n\u0131 tan\u0131mak, zay\u0131f y\u00f6nlerini saptamak, e\u011fitim ihtiyac\u0131n\u0131 tespit etmek amac\u0131yla da kullan\u0131labilir.[\/vc_column_text][\/vc_column_inner][\/vc_row_inner][\/vc_column][\/vc_row]<\/p>\n<\/div>","protected":false},"excerpt":{"rendered":"<p>[vc_row row_height_percent=&#8221;100&#8243; override_padding=&#8221;yes&#8221; h_padding=&#8221;2&#8243; top_padding=&#8221;6&#8243; bottom_padding=&#8221;6&#8243; back_color=&#8221;color-nhtu&#8221; back_image=&#8221;131859&#8243; back_position=&#8221;center bottom&#8221; kburns=&#8221;magnetic&#8221; overlay_color=&#8221;color-jevc&#8221; overlay_alpha=&#8221;15&#8243; gutter_size=&#8221;3&#8243; column_width_percent=&#8221;100&#8243; shift_y=&#8221;0&#8243; z_index=&#8221;1&#8243; content_parallax=&#8221;0&#8243; uncode_shortcode_id=&#8221;117850&#8243; back_color_type=&#8221;uncode-palette&#8221; [&hellip;]<\/p>\n","protected":false},"author":1,"featured_media":0,"parent":131181,"menu_order":0,"comment_status":"closed","ping_status":"closed","template":"","meta":{"inline_featured_image":false,"_locale":"tr_TR","_original_post":"https:\/\/paternika.com\/clients\/bilgenterapi\/?page_id=131267","footnotes":"","_links_to":"","_links_to_target":""},"class_list":["post-131267","page","type-page","status-publish","hentry","tr-TR"],"yoast_head":"<!-- This site is optimized with the Yoast SEO plugin v25.0 - https:\/\/yoast.com\/wordpress\/plugins\/seo\/ -->\n<title>B\u0130LGEN TERAP\u0130 | MMPI\/K\u0130\u015e\u0130L\u0130K TEST\u0130<\/title>\n<meta name=\"description\" content=\"Minnesota \u00c7ok Y\u00f6nl\u00fc Ki\u015filik Envanteri (Minnesota Multiphasic Personality Inventory- MMPI) bireyin ki\u015fisel ve toplumsal uyumunu objektif olarak de\u011ferlendirmeyi ama\u00e7layan bir testtir.\" \/>\n<meta name=\"robots\" content=\"noindex, follow, max-snippet:-1, max-image-preview:large, max-video-preview:-1\" \/>\n<meta property=\"og:locale\" content=\"tr_TR\" \/>\n<meta property=\"og:type\" content=\"article\" \/>\n<meta property=\"og:title\" content=\"B\u0130LGEN TERAP\u0130 | MMPI\/K\u0130\u015e\u0130L\u0130K TEST\u0130\" \/>\n<meta property=\"og:description\" content=\"Minnesota \u00c7ok Y\u00f6nl\u00fc Ki\u015filik Envanteri (Minnesota Multiphasic Personality Inventory- MMPI) bireyin ki\u015fisel ve toplumsal uyumunu objektif olarak de\u011ferlendirmeyi ama\u00e7layan bir testtir.\" \/>\n<meta property=\"og:url\" content=\"https:\/\/paternika.com\/clients\/bilgenterapi\/hizmetlerimiz\/mmpi-kisilik-testi\/\" \/>\n<meta property=\"og:site_name\" content=\"B\u0130LGEN TERAP\u0130\" \/>\n<meta property=\"article:publisher\" content=\"https:\/\/www.facebook.com\/bilgenterapi\" \/>\n<meta property=\"article:modified_time\" content=\"2025-12-26T12:38:59+00:00\" \/>\n<meta name=\"twitter:card\" content=\"summary_large_image\" \/>\n<meta name=\"twitter:label1\" content=\"Tahmini okuma s\u00fcresi\" \/>\n\t<meta name=\"twitter:data1\" content=\"3 dakika\" \/>\n<script type=\"application\/ld+json\" class=\"yoast-schema-graph\">{\"@context\":\"https:\/\/schema.org\",\"@graph\":[{\"@type\":\"WebPage\",\"@id\":\"https:\/\/paternika.com\/clients\/bilgenterapi\/hizmetlerimiz\/mmpi-kisilik-testi\/\",\"url\":\"https:\/\/paternika.com\/clients\/bilgenterapi\/hizmetlerimiz\/mmpi-kisilik-testi\/\",\"name\":\"B\u0130LGEN TERAP\u0130 | MMPI\/K\u0130\u015e\u0130L\u0130K TEST\u0130\",\"isPartOf\":{\"@id\":\"https:\/\/paternika.com\/clients\/bilgenterapi\/#website\"},\"datePublished\":\"2025-01-10T21:36:35+00:00\",\"dateModified\":\"2025-12-26T12:38:59+00:00\",\"description\":\"Minnesota \u00c7ok Y\u00f6nl\u00fc Ki\u015filik Envanteri (Minnesota Multiphasic Personality Inventory- MMPI) bireyin ki\u015fisel ve toplumsal uyumunu objektif olarak de\u011ferlendirmeyi ama\u00e7layan bir testtir.\",\"breadcrumb\":{\"@id\":\"https:\/\/paternika.com\/clients\/bilgenterapi\/hizmetlerimiz\/mmpi-kisilik-testi\/#breadcrumb\"},\"inLanguage\":\"tr\",\"potentialAction\":[{\"@type\":\"ReadAction\",\"target\":[\"https:\/\/paternika.com\/clients\/bilgenterapi\/hizmetlerimiz\/mmpi-kisilik-testi\/\"]}]},{\"@type\":\"BreadcrumbList\",\"@id\":\"https:\/\/paternika.com\/clients\/bilgenterapi\/hizmetlerimiz\/mmpi-kisilik-testi\/#breadcrumb\",\"itemListElement\":[{\"@type\":\"ListItem\",\"position\":1,\"name\":\"Home\",\"item\":\"https:\/\/paternika.com\/clients\/bilgenterapi\/\"},{\"@type\":\"ListItem\",\"position\":2,\"name\":\"H\u0130ZMETLER\u0130M\u0130Z\",\"item\":\"https:\/\/paternika.com\/clients\/bilgenterapi\/hizmetlerimiz\/\"},{\"@type\":\"ListItem\",\"position\":3,\"name\":\"MMPI\/K\u0130\u015e\u0130L\u0130K TEST\u0130\"}]},{\"@type\":\"WebSite\",\"@id\":\"https:\/\/paternika.com\/clients\/bilgenterapi\/#website\",\"url\":\"https:\/\/paternika.com\/clients\/bilgenterapi\/\",\"name\":\"B\u0130LGEN TERAP\u0130\",\"description\":\"\",\"publisher\":{\"@id\":\"https:\/\/paternika.com\/clients\/bilgenterapi\/#organization\"},\"potentialAction\":[{\"@type\":\"SearchAction\",\"target\":{\"@type\":\"EntryPoint\",\"urlTemplate\":\"https:\/\/paternika.com\/clients\/bilgenterapi\/?s={search_term_string}\"},\"query-input\":{\"@type\":\"PropertyValueSpecification\",\"valueRequired\":true,\"valueName\":\"search_term_string\"}}],\"inLanguage\":\"tr\"},{\"@type\":\"Organization\",\"@id\":\"https:\/\/paternika.com\/clients\/bilgenterapi\/#organization\",\"name\":\"B\u0130LGEN TERAP\u0130\",\"url\":\"https:\/\/paternika.com\/clients\/bilgenterapi\/\",\"logo\":{\"@type\":\"ImageObject\",\"inLanguage\":\"tr\",\"@id\":\"https:\/\/paternika.com\/clients\/bilgenterapi\/#\/schema\/logo\/image\/\",\"url\":\"https:\/\/www.paternika.com\/clients\/bilgenterapi\/wp-content\/uploads\/2024\/04\/favicon.png\",\"contentUrl\":\"https:\/\/www.paternika.com\/clients\/bilgenterapi\/wp-content\/uploads\/2024\/04\/favicon.png\",\"width\":512,\"height\":512,\"caption\":\"B\u0130LGEN TERAP\u0130\"},\"image\":{\"@id\":\"https:\/\/paternika.com\/clients\/bilgenterapi\/#\/schema\/logo\/image\/\"},\"sameAs\":[\"https:\/\/www.facebook.com\/bilgenterapi\",\"https:\/\/www.instagram.com\/bilgenterapi\",\"https:\/\/www.youtube.com\/@bterapi\"]}]}<\/script>\n<!-- \/ Yoast SEO plugin. -->","yoast_head_json":{"title":"B\u0130LGEN TERAP\u0130 | MMPI\/K\u0130\u015e\u0130L\u0130K TEST\u0130","description":"Minnesota \u00c7ok Y\u00f6nl\u00fc Ki\u015filik Envanteri (Minnesota Multiphasic Personality Inventory- MMPI) bireyin ki\u015fisel ve toplumsal uyumunu objektif olarak de\u011ferlendirmeyi ama\u00e7layan bir testtir.","robots":{"index":"noindex","follow":"follow","max-snippet":"max-snippet:-1","max-image-preview":"max-image-preview:large","max-video-preview":"max-video-preview:-1"},"og_locale":"tr_TR","og_type":"article","og_title":"B\u0130LGEN TERAP\u0130 | MMPI\/K\u0130\u015e\u0130L\u0130K TEST\u0130","og_description":"Minnesota \u00c7ok Y\u00f6nl\u00fc Ki\u015filik Envanteri (Minnesota Multiphasic Personality Inventory- MMPI) bireyin ki\u015fisel ve toplumsal uyumunu objektif olarak de\u011ferlendirmeyi ama\u00e7layan bir testtir.","og_url":"https:\/\/paternika.com\/clients\/bilgenterapi\/hizmetlerimiz\/mmpi-kisilik-testi\/","og_site_name":"B\u0130LGEN TERAP\u0130","article_publisher":"https:\/\/www.facebook.com\/bilgenterapi","article_modified_time":"2025-12-26T12:38:59+00:00","twitter_card":"summary_large_image","twitter_misc":{"Tahmini okuma s\u00fcresi":"3 dakika"},"schema":{"@context":"https:\/\/schema.org","@graph":[{"@type":"WebPage","@id":"https:\/\/paternika.com\/clients\/bilgenterapi\/hizmetlerimiz\/mmpi-kisilik-testi\/","url":"https:\/\/paternika.com\/clients\/bilgenterapi\/hizmetlerimiz\/mmpi-kisilik-testi\/","name":"B\u0130LGEN TERAP\u0130 | MMPI\/K\u0130\u015e\u0130L\u0130K TEST\u0130","isPartOf":{"@id":"https:\/\/paternika.com\/clients\/bilgenterapi\/#website"},"datePublished":"2025-01-10T21:36:35+00:00","dateModified":"2025-12-26T12:38:59+00:00","description":"Minnesota \u00c7ok Y\u00f6nl\u00fc Ki\u015filik Envanteri (Minnesota Multiphasic Personality Inventory- MMPI) bireyin ki\u015fisel ve toplumsal uyumunu objektif olarak de\u011ferlendirmeyi ama\u00e7layan bir testtir.","breadcrumb":{"@id":"https:\/\/paternika.com\/clients\/bilgenterapi\/hizmetlerimiz\/mmpi-kisilik-testi\/#breadcrumb"},"inLanguage":"tr","potentialAction":[{"@type":"ReadAction","target":["https:\/\/paternika.com\/clients\/bilgenterapi\/hizmetlerimiz\/mmpi-kisilik-testi\/"]}]},{"@type":"BreadcrumbList","@id":"https:\/\/paternika.com\/clients\/bilgenterapi\/hizmetlerimiz\/mmpi-kisilik-testi\/#breadcrumb","itemListElement":[{"@type":"ListItem","position":1,"name":"Home","item":"https:\/\/paternika.com\/clients\/bilgenterapi\/"},{"@type":"ListItem","position":2,"name":"H\u0130ZMETLER\u0130M\u0130Z","item":"https:\/\/paternika.com\/clients\/bilgenterapi\/hizmetlerimiz\/"},{"@type":"ListItem","position":3,"name":"MMPI\/K\u0130\u015e\u0130L\u0130K TEST\u0130"}]},{"@type":"WebSite","@id":"https:\/\/paternika.com\/clients\/bilgenterapi\/#website","url":"https:\/\/paternika.com\/clients\/bilgenterapi\/","name":"B\u0130LGEN TERAP\u0130","description":"","publisher":{"@id":"https:\/\/paternika.com\/clients\/bilgenterapi\/#organization"},"potentialAction":[{"@type":"SearchAction","target":{"@type":"EntryPoint","urlTemplate":"https:\/\/paternika.com\/clients\/bilgenterapi\/?s={search_term_string}"},"query-input":{"@type":"PropertyValueSpecification","valueRequired":true,"valueName":"search_term_string"}}],"inLanguage":"tr"},{"@type":"Organization","@id":"https:\/\/paternika.com\/clients\/bilgenterapi\/#organization","name":"B\u0130LGEN TERAP\u0130","url":"https:\/\/paternika.com\/clients\/bilgenterapi\/","logo":{"@type":"ImageObject","inLanguage":"tr","@id":"https:\/\/paternika.com\/clients\/bilgenterapi\/#\/schema\/logo\/image\/","url":"https:\/\/www.paternika.com\/clients\/bilgenterapi\/wp-content\/uploads\/2024\/04\/favicon.png","contentUrl":"https:\/\/www.paternika.com\/clients\/bilgenterapi\/wp-content\/uploads\/2024\/04\/favicon.png","width":512,"height":512,"caption":"B\u0130LGEN TERAP\u0130"},"image":{"@id":"https:\/\/paternika.com\/clients\/bilgenterapi\/#\/schema\/logo\/image\/"},"sameAs":["https:\/\/www.facebook.com\/bilgenterapi","https:\/\/www.instagram.com\/bilgenterapi","https:\/\/www.youtube.com\/@bterapi"]}]}},"_links":{"self":[{"href":"https:\/\/paternika.com\/clients\/bilgenterapi\/wp-json\/wp\/v2\/pages\/131267","targetHints":{"allow":["GET"]}}],"collection":[{"href":"https:\/\/paternika.com\/clients\/bilgenterapi\/wp-json\/wp\/v2\/pages"}],"about":[{"href":"https:\/\/paternika.com\/clients\/bilgenterapi\/wp-json\/wp\/v2\/types\/page"}],"author":[{"embeddable":true,"href":"https:\/\/paternika.com\/clients\/bilgenterapi\/wp-json\/wp\/v2\/users\/1"}],"replies":[{"embeddable":true,"href":"https:\/\/paternika.com\/clients\/bilgenterapi\/wp-json\/wp\/v2\/comments?post=131267"}],"version-history":[{"count":9,"href":"https:\/\/paternika.com\/clients\/bilgenterapi\/wp-json\/wp\/v2\/pages\/131267\/revisions"}],"predecessor-version":[{"id":132336,"href":"https:\/\/paternika.com\/clients\/bilgenterapi\/wp-json\/wp\/v2\/pages\/131267\/revisions\/132336"}],"up":[{"embeddable":true,"href":"https:\/\/paternika.com\/clients\/bilgenterapi\/wp-json\/wp\/v2\/pages\/131181"}],"wp:attachment":[{"href":"https:\/\/paternika.com\/clients\/bilgenterapi\/wp-json\/wp\/v2\/media?parent=131267"}],"curies":[{"name":"wp","href":"https:\/\/api.w.org\/{rel}","templated":true}]}}